f z and 14.
14
Let u = -436 - -556. What is the greatest common factor of 192 and u?
24
Suppose 2*d + 2*y = 114, -5*y + 4*y + 5 = 0. Suppose 0 = 27*q - 26*q - d. Let n = -45 + q. What is the greatest common divisor of n and 7?
7
Suppose 89*b + 2*g = 85*b + 2320, -2926 = -5*b + 4*g. What is the greatest common factor of b and 6?
6
Suppose 0 = -5*b + 20*o - 17*o + 6333, -o + 3825 = 3*b. What is the highest common divisor of b and 4293?
159
Suppose 5*n + 4*x = 165 - 55, -3*n = 4*x - 58. Suppose -n*y = -20*y - 342. What is the highest common divisor of y and 18?
3
Let r(b) = 14*b - 78. Let y be r(6). Let o = 236 - 80. What is the highest common divisor of y and o?
6
Suppose -234*g = -266*g + 48608. What is the greatest common divisor of 124 and g?
31
Suppose 0 = 2*u - 5 + 1. Suppose u*b = -2*b + 80. Let s = 4156 + -4144. What is the highest common divisor of b and s?
4
Let t = 6 + -1. Let f(d) = -1542 - 2*d - t*d + 1526. Let a be f(-8). What is the greatest common factor of a and 10?
10
Let i be ((-69)/(-115))/((-3)/(-14155)). Calculate the highest common factor of 149 and i.
149
Suppose 440 = -41*b + 45*b. Suppose 6*m - 152 = 2*m - 4*n, -5*n = m - 22. Let g = -20 + m. Calculate the greatest common divisor of b and g.
22
Suppose 2*k = -4*f + 14, 0 = 8*k - 9*k + 2*f - 5. Let a(o) = 15*o - 1. Let j be a(1). Let x = j + -6. What is the greatest common factor of k and x?
1
Suppose 10*a - a - 244 = 341. What is the highest common factor of 26 and a?
13
Let b = -59 + 63. Let r be b*(-3)/7*(-546)/12. Suppose v = -4*u - 0*v + 105, 0 = v - 1. Calculate the greatest common divisor of r and u.
26
Suppose -73*m + 2129 = -12763. What is the greatest common divisor of m and 726?
6
Suppose a = -4*j + 26, -5*a + 175*j = 178*j - 28. What is the highest common factor of a and 149?
1
Let j(v) = -14*v - 16. Let c be j(-6). Let o = 34 - c. Let u = o - -40. Calculate the highest common factor of u and 6.
6
Let m(j) = j**2 - j - 195. Let n be m(16). What is the greatest common factor of n and 5445?
45
Let u be (-75)/(-2)*70/21. Let r(k) = k**3 - 28*k**2 + 28*k + 23. Let f be r(27). What is the greatest common factor of u and f?
25
Suppose 3*o - 8 = m, 0 = -5*m - 2*o - 34 - 40. Let i = m - -2. Let z = 30 - i. Calculate the highest common divisor of z and 7.
7
Let y(p) = -2*p**3 - 8*p**2 + 9*p - 34. Let r be y(-6). Calculate the highest common factor of 266 and r.
14
Suppose -33*k - 2941 = -3271. What is the greatest common factor of 14590 and k?
10
Let h be (-5 + 2)*196/(-6). Let t be ((3 - 1) + -22)*266/(-95). What is the greatest common divisor of t and h?
14
Let i = 394 + -147. Calculate the greatest common divisor of i and 26.
13
Let k = 28268 - 22119. Calculate the highest common divisor of 52 and k.
13
Suppose 1531 = -9*b + 11746. Calculate the highest common factor of b and 40.
5
Suppose 18*r = 31 + 23. Let s be (2/r)/((-12)/(-1440)). What is the highest common factor of 20 and s?
20
Let k(a) = 4*a - 15. Let m be k(4). Let j be m + 3 + -3 + -440. Let b = j + 628. What is the greatest common divisor of 21 and b?
21
Suppose 0 = -2*i + 15 + 13. Suppose 5*c = -m + 499, -i*c + 101 = -13*c - m. Calculate the highest common factor of 20 and c.
20
Let v(c) = 30*c + 230. Let d(f) = -2*f - 1. Let o(u) = 5*d(u) + v(u). Let g be o(5). What is the highest common factor of 75 and g?
25
Suppose 4*j - 339 + 365 = 698. What is the greatest common divisor of j and 952?
56
Let l = -61 - -63. Suppose 0*z = -3*m - 4*z + 66, 0 = m - z - 29. Calculate the greatest common divisor of l and m.
2
Suppose 5*l = 4*a + l + 24, 2*l = -6. Let p(c) = c**2 + 2*c - 8. Let u be p(a). Suppose -7*x + u = 6. What is the greatest common factor of x and 63?
7
Suppose -15 = 14259*d - 14264*d. Calculate the greatest common divisor of d and 1317.
3
Let n = 361 + -186. Let r = -79 + n. Calculate the highest common factor of r and 24.
24
Suppose 22516 = 14*w - 17118. Calculate the greatest common factor of w and 38.
19
Let w = 29524 + -16723. Calculate the greatest common divisor of 102 and w.
51
Suppose 28 = 67*x - 74*x. Let v(i) = -11*i. Let p be v(x). What is the greatest common factor of p and 11?
11
Let t(v) = -v**3 + 26*v**2 - 132*v - 75. Let f be t(8). Calculate the highest common factor of f and 12964.
7
Suppose -j - 4*u + 21 = -0, 5*j - u - 21 = 0. Suppose -5*t + b + 3005 = 0, -j*t + 5*b + 2962 = -23. Calculate the highest common divisor of 86 and t.
86
Let y = 3 + -1. Let i = 318 + -313. Let n be (1 - (5 - 1)) + 0 + i. Calculate the highest common factor of n and y.
2
Suppose 15 = 3*z - 12. Suppose -132 = z*o - 12*o. What is the greatest common factor of o and 55?
11
Suppose 4*r = 3*b + 32 + 13, 4*b - 33 = -5*r. Suppose 385 + 47 = r*i. Calculate the greatest common divisor of 128 and i.
16
Suppose -2083 = -4*u - 2*f - 183, 4*f + 1425 = 3*u. What is the highest common factor of u and 50?
25
Suppose 4*r + 34 = 122. Suppose -22 = 5*x + 43. Let p = 57 + x. Calculate the highest common divisor of r and p.
22
Suppose -4*p = 2*j + 118, 5*j + 2*p - 6*p + 253 = 0. Let w = 101 + j. Let s = 3242 - 3122. Calculate the highest common divisor of w and s.
24
Let w(m) = 5*m**3 - 2*m**2 - m. Let c be w(2). Let a(x) = 2*x**2 + 150*x + 1306. Let v be a(-65). What is the highest common factor of c and v?
6
Suppose 2*w = -0*w + 130. Let o = -12122 - -12213. Calculate the highest common factor of w and o.
13
Suppose -2*p - 2*m = -4, -29 = -3*p - p + 3*m. Suppose 0*b - p*b = -395. Suppose -b - 25 = -4*v. Calculate the greatest common factor of 13 and v.
13
Let c be ((-35592611)/(-238))/67 - (-2)/(-28). Calculate the greatest common factor of 360 and c.
72
Let j be ((-21710)/(-15))/13 + 10/(-3). What is the greatest common factor of j and 27?
27
Suppose -29*c = -30*c - 3*b + 9, -2*c = 5*b - 23. Suppose 40 = 7*d - 2*d + 2*r, 3*d - 33 = -3*r. What is the greatest common divisor of d and c?
6
Let r = 34 + -32. Suppose -p - 108 = -r*s - 3*s, -54 = -2*s - 5*p. What is the highest common factor of 88 and s?
22
Suppose 36*i + 3182 = 79*i. Let g be (2 - 72) + (-2 - -3). Let b = i + g. Calculate the highest common factor of 20 and b.
5
Suppose -9*k - 343 + 1585 = 0. Let r(v) = -v**2 + 5*v. Let h be r(3). What is the greatest common factor of k and h?
6
Let d = -4344 + 15686. What is the highest common divisor of 318 and d?
106
Let s = -344 + 342. Let y(u) = u**3 + 2*u**2 - u + 1. Let j be y(s). Calculate the highest common divisor of j and 15.
3
Let x be (-17413)/(-77) - (-16)/(-14). Calculate the greatest common factor of 345 and x.
15
Let n(t) = -2*t**2 - 5*t + 1. Suppose 2*c - 7*c + 15 = 0. Let w be n(c). Let z be w/(12/(-4)*2/3). Calculate the highest common divisor of 40 and z.
8
Suppose 42579 + 18635 = 79*n + 162*n. What is the highest common divisor of n and 21463?
127
Let x = -32 + 64. Suppose 0 = 3*m - 4*m + x. Let o be m/(-10)*(-2 + (-63)/6). What is the highest common divisor of 8 and o?
8
Let s(t) = t**3 + 11*t**2 + 37*t + 113. Let u be s(-6). What is the highest common factor of u and 25489?
71
Suppose 268*r - 271*r = -5100. Suppose -16*y + 5*g = -18*y + r, -4*y = -3*g - 3400. What is the highest common factor of 34 and y?
34
Let f(v) = 3*v**2 + 3*v + 2. Let a be f(-2). Let g be 187/33 + 16/(-6) + 2. Suppose -j = -i - i - 70, i = g. What is the greatest common divisor of j and a?
8
Suppose 2*x + 17*x - 10590 = -463. Let w be 4/(-6) + 160/6. Calculate the highest common factor of w and x.
13
Let a be (62 + (1 - 1))*2. Suppose 5*i - r - 946 = 0, -9172 + 8306 = -5*i - 4*r. Calculate the highest common factor of a and i.
62
Let i be (4 + -2)/(4/(-518)). Let b = i + 710. What is the greatest common divisor of b and 11?
11
Suppose 3 = 4*n - 3*n. Suppose n*h + 13 = 4*h. Let k be ((-52)/(-3))/(260/195). What is the highest common divisor of h and k?
13
Let g(n) = 2*n**2 + 6*n + 6. Let w be g(-1). Let d be w + (73 + 4)/((-2)/(-4)). Calculate the greatest common factor of 39 and d.
39
Suppose 12*s - 11*s = -5. Let n(g) = 4*g**2 - 3*g - 7. Let x be n(s). Suppose -10*l + 13*l - x = 0. Calculate the greatest common factor of l and 4.
4
Let h(i) = 551*i + 2812. Let j be h(-5). What is the greatest common factor of 76 and j?
19
Let y = 4133 - 3163. What is the highest common factor of 50 and y?
10
Suppose 0 = 3*j + j + 5*d - 865